te the remainder when 1768 is divided by 99.
85
Calculate the remainder when 474 is divided by 197.
80
What is the remainder when 68 is divided by 59?
9
Calculate the remainder when 20838 is divided by 17.
13
What is the remainder when 228 is divided by 7?
4
Calculate the remainder when 1646 is divided by 129.
98
What is the remainder when 581 is divided by 15?
11
What is the remainder when 424 is divided by 4?
0
What is the remainder when 739 is divided by 57?
55
What is the remainder when 1246 is divided by 40?
6
What is the remainder when 757 is divided by 359?
39
What is the remainder when 858 is divided by 7?
4
What is the remainder when 393 is divided by 190?
13
What is the remainder when 65 is divided by 37?
28
What is the remainder when 221 is divided by 77?
67
Calculate the remainder when 3655 is divided by 15.
10
What is the remainder when 1590 is divided by 34?
26
Calculate the remainder when 302 is divided by 115.
72
Calculate the remainder when 188 is divided by 55.
23
Calculate the remainder when 185 is divided by 44.
9
Calculate the remainder when 452 is divided by 5.
2
Calculate the remainder when 54564 is divided by 387.
384
Calculate the remainder when 36 is divided by 9.
0
What is the remainder when 12191 is divided by 96?
95
Calculate the remainder when 8879 is divided by 47.
43
Calculate the remainder when 917 is divided by 17.
16
What is the remainder when 382 is divided by 89?
26
Calculate the remainder when 513 is divided by 87.
78
Calculate the remainder when 351 is divided by 175.
1
What is the remainder when 6884 is divided by 53?
47
What is the remainder when 557 is divided by 8?
5
What is the remainder when 1767 is divided by 20?
7
Calculate the remainder when 10 is divided by 4.
2
Calculate the remainder when 125 is divided by 6.
5
Calculate the remainder when 2831 is divided by 17.
9
Calculate the remainder when 3958 is divided by 198.
196
Calculate the remainder when 408 is divided by 82.
80
What is the remainder when 281 is divided by 32?
25
What is the remainder when 1128 is divided by 39?
36
What is the remainder when 298 is divided by 24?
10
Calculate the remainder when 221 is divided by 113.
108
Calculate the remainder when 111 is divided by 6.
3
What is the remainder when 247 is divided by 47?
12
What is the remainder when 93 is divided by 8?
5
What is the remainder when 244 is divided by 78?
10
Calculate the remainder when 3032 is divided by 48.
8
Calculate the remainder when 1443 is divided by 1423.
20
Calculate the remainder when 21161 is divided by 51.
47
What is the remainder when 2230 is divided by 36?
34
Calculate the remainder when 670 is divided by 84.
82
What is the remainder when 166 is divided by 142?
24
Calculate the remainder when 1051 is divided by 105.
1
What is the remainder when 111 is divided by 38?
35
Calculate the remainder when 447 is divided by 40.
7
Calculate the remainder when 226 is divided by 54.
10
What is the remainder when 25407 is divided by 231?
228
Calculate the remainder when 743 is divided by 26.
15
Calculate the remainder when 1112 is divided by 93.
89
Calculate the remainder when 7242 is divided by 259.
249
What is the remainder when 363 is divided by 31?
22
What is the remainder when 224 is divided by 209?
15
What is the remainder when 24 is divided by 12?
0
Calculate the remainder when 291 is divided by 51.
36
Calculate the remainder when 252 is divided by 109.
34
What is the remainder when 2952 is divided by 63?
54
What is the remainder when 225 is divided by 19?
16
What is the remainder when 488 is divided by 41?
37
What is the remainder when 42 is divided by 11?
9
Calculate the remainder when 62 is divided by 18.
8
Calculate the remainder when 55243 is divided by 15.
13
Calculate the remainder when 154 is divided by 60.
34
Calculate the remainder when 468 is divided by 160.
148
What is the remainder when 2610 is divided by 17?
9
Calculate the remainder when 1158 is divided by 567.
24
Calculate the remainder when 2683 is divided by 12.
7
What is the remainder when 332 is divided by 180?
152
Calculate the remainder when 3945 is divided by 26.
19
Calculate the remainder when 510 is divided by 4.
2
Calculate the remainder when 2786 is divided by 199.
0
Calculate the remainder when 31 is divided by 7.
3
What is the remainder when 362 is divided by 38?
20
What is the remainder when 348 is divided by 152?
44
What is the remainder when 1043 is divided by 36?
35
Calculate the remainder when 1957 is divided by 971.
15
Calculate the remainder when 42506 is divided by 9.
8
What is the remainder when 1599 is divided by 8?
7
What is the remainder when 82 is divided by 47?
35
Calculate the remainder when 496 is divided by 25.
21
What is the remainder when 1771 is divided by 220?
11
What is the remainder when 14 is divided by 7?
0
What is the remainder when 592 is divided by 142?
24
Calculate the remainder when 1698 is divided by 85.
83
What is the remainder when 609 is divided by 153?
150
Calculate the remainder when 738 is divided by 363.
12
Calculate the remainder when 1332 is divided by 166.
4
What is the remainder when 2226 is divided by 500?
226
Calculate the remainder when 161 is divided by 58.
45
What is the remainder when 447 is divided by 5?
2
Calculate the remainder when 705 is divided by 53.
16
What is the remainder when 310 is divided by 24?
22
Calculate the remainder when 78 is divided by 25.
3
Calculate the remainder when 332 is divided by 3.
2
What is the remainder when 643 is divided by 15?
13
What is the remainder when 4027 is divided by 79?
77
What is the remainder when 4320 is divided by 13?
4
What is the remainder when 554 is divided by 68?
10
Calculate the remainder when 266 is divided by 60.
26
Calculate the remainder when 565 is divided by 60.
25
Calculate the remainder when 26 is divided by 9.
8
Calculate the remainder when 572 is divided by 49.
33
Calculate the remainder when 1153 is divided by 55.
53
What is the remainder when 620 is divided by 177?
89
Calculate the remainder when 501 is divided by 28.
25
Calculate the remainder when 133 is divided by 43.
4
What is the remainder when 193 is divided by 4?
1
Calculate the remainder when 103 is divided by 9.
4
Calculate the remainder when 325 is divided by 104.
13
Calculate the remainder when 29 is divided by 21.
8
What is the remainder when 87 is divided by 13?
9
Calculate the remainder when 163 is divided by 12.
7
Calculate the remainder when 439 is divided by 111.
106
Calculate the remainder when 156 is divided by 74.
8
Calculate the remainder when 3270 is divided by 129.
45
What is the remainder when 568 is divided by 80?
8
What is the remainder when 166 is divided by 28?
26
What is the remainder when 1520 is divided by 151?
10
Calculate the remainder when 90 is divided by 84.
6
Calculate the remainder when 281 is divided by 137.
7
What is the remainder when 1505 is divided by 13?
10
What is the remainder when 464 is divided by 38?
8
Calculate the remainder when 1484 is divided by 31.
27
What is the remainder when 193 is divided by 143?
50
What is the remainder when 174 is divided by 44?
42
Calculate the remainder when 2948 is divided by 25.
23
What is the remainder when 5881 is divided by 12?
1
What is the remainder when 590 is divided by 27?
23
What is the remainder when 269 is divided by 54?
53
What is the remainder when 1585 is divided by 53?
48
What is the remainder when 39 is divided by 10?
9
What is the remainder when 465 is divided by 104?
49
Calculate the remainder when 63 is divided by 16.
15
Calculate the remainder when 61 is divided by 42.
19
Calculate the remainder when 187 is divided by 24.
19
Calculate the remainder when 1151 is divided by 32.
31
Calculate the remainder when 891 is divided by 111.
3
Calculate the remainder when 255 is divided by 93.
69
What is the remainder when 395 is divided by 393?
2
What is the remainder when 1309 is divided by 13?
9
Calculate the remainder when 1374 is divided by 135.
24
What is the remainder when 63 is divided by 19?
6
Calculate the remainder when 4489 is divided by 16.
9
What is the remainder when 407 is divided by 15?
2
What is the remainder when 1077 is divided by 124?
85
What is the remainder when 30 is divided by 18?
12
Calculate the remai